{"id":534,"date":"2019-01-19T13:31:32","date_gmt":"2019-01-19T13:31:32","guid":{"rendered":"http:\/\/www.praxis-kathleen-seibel.de\/?page_id=534"},"modified":"2020-04-26T15:52:04","modified_gmt":"2020-04-26T15:52:04","slug":"klassische-kosmetik","status":"publish","type":"page","link":"https:\/\/www.praxis-kathleen-seibel.de\/?page_id=534","title":{"rendered":"Klassische Kosmetik"},"content":{"rendered":"<p>[et_pb_section fb_built=&#8220;1&#8243; admin_label=&#8220;section&#8220; _builder_version=&#8220;3.0.47&#8243;][et_pb_row _builder_version=&#8220;3.0.89&#8243;][et_pb_column type=&#8220;4_4&#8243; _builder_version=&#8220;3.0.89&#8243; parallax=&#8220;off&#8220; parallax_method=&#8220;on&#8220;][et_pb_text _builder_version=&#8220;3.0.89&#8243;]<\/p>\n<h4>KOSMETISCHE BEHANDLUNGEN<\/h4>\n<p><span style=\"font-size: xx-large;\">Klassische Gesichtsbehandlung<\/span><\/p>\n<p><span style=\"color: #666666; font-size: large;\">Dies ist eine Basisbehandlung, die mit anderen Bausteinen kombiniert werden kann. Sie beinhaltet eine <strong>Gesichtsreinigung<\/strong> und <strong>Tiefenreinigung<\/strong>. Sowie ein <strong>Enzympeeling<\/strong> und ein Ihrem Hauttyp entsprechendes <strong>Wirkstoffkonzentrat<\/strong>, die <strong>Augenbrauenkorrektur<\/strong>, eine <strong>Massage<\/strong> von Gesicht, Hals und Dekollet\u00e9, eine hautzustandsgerechte <strong>Maske<\/strong> und passende Abschlusspflege.<\/span><\/p>\n<p><span style=\"font-size: large; color: #666666;\">Alle Behandlungen werden mit den <strong>Qualit\u00e4tspr\u00e4paraten von Belico<\/strong> durchgef\u00fchrt. Diese orientieren sich an Naturprodukten und <strong>verzichten g\u00e4nzlich<\/strong> auf umstrittene Chemie oder Stoffe wie Silikon und Erd\u00f6l. Die eigene BioTech-Formel sorgt f\u00fcr \u00fcberzeugende Resultate bei der Pflege, bei Hautproblemen und f\u00fcr <strong>effektives Anti-Aging.<\/strong><\/span><\/p>\n<p>[\/et_pb_text][et_pb_image src=&#8220;https:\/\/www.praxis-kathleen-seibel.de\/wp-content\/uploads\/2018\/03\/praxis-seibel-3k.jpg&#8220; _builder_version=&#8220;3.0.89&#8243; custom_margin=&#8220;50px|||&#8220;][\/et_pb_image][\/et_pb_column][\/et_pb_row][\/et_pb_section]<\/p>\n","protected":false},"excerpt":{"rendered":"<p>[et_pb_section fb_built=&#8220;1&#8243; admin_label=&#8220;section&#8220; _builder_version=&#8220;3.0.47&#8243;][et_pb_row _builder_version=&#8220;3.0.89&#8243;][et_pb_column type=&#8220;4_4&#8243; _builder_version=&#8220;3.0.89&#8243; parallax=&#8220;off&#8220; parallax_method=&#8220;on&#8220;][et_pb_text _builder_version=&#8220;3.0.89&#8243;] KOSMETISCHE BEHANDLUNGEN Klassische Gesichtsbehandlung Dies ist eine Basisbehandlung, die mit anderen Bausteinen kombiniert werden kann. Sie beinhaltet eine Gesichtsreinigung und Tiefenreinigung. Sowie ein Enzympeeling und ein Ihrem Hauttyp entsprechendes Wirkstoffkonzentrat, die Augenbrauenkorrektur, eine Massage von Gesicht, Hals und Dekollet\u00e9, eine hautzustandsgerechte Maske und passende Abschlusspflege. [&hellip;]<\/p>\n","protected":false},"author":1,"featured_media":0,"parent":0,"menu_order":0,"comment_status":"closed","ping_status":"closed","template":"","meta":{"footnotes":""},"class_list":["post-534","page","type-page","status-publish","hentry"],"_links":{"self":[{"href":"https:\/\/www.praxis-kathleen-seibel.de\/index.php?rest_route=\/wp\/v2\/pages\/534","targetHints":{"allow":["GET"]}}],"collection":[{"href":"https:\/\/www.praxis-kathleen-seibel.de\/index.php?rest_route=\/wp\/v2\/pages"}],"about":[{"href":"https:\/\/www.praxis-kathleen-seibel.de\/index.php?rest_route=\/wp\/v2\/types\/page"}],"author":[{"embeddable":true,"href":"https:\/\/www.praxis-kathleen-seibel.de\/index.php?rest_route=\/wp\/v2\/users\/1"}],"replies":[{"embeddable":true,"href":"https:\/\/www.praxis-kathleen-seibel.de\/index.php?rest_route=%2Fwp%2Fv2%2Fcomments&post=534"}],"version-history":[{"count":14,"href":"https:\/\/www.praxis-kathleen-seibel.de\/index.php?rest_route=\/wp\/v2\/pages\/534\/revisions"}],"predecessor-version":[{"id":1213,"href":"https:\/\/www.praxis-kathleen-seibel.de\/index.php?rest_route=\/wp\/v2\/pages\/534\/revisions\/1213"}],"wp:attachment":[{"href":"https:\/\/www.praxis-kathleen-seibel.de\/index.php?rest_route=%2Fwp%2Fv2%2Fmedia&parent=534"}],"curies":[{"name":"wp","href":"https:\/\/api.w.org\/{rel}","templated":true}]}}

<p>[et_pb_section fb_built=&#8220;1&#8243; admin_label=&#8220;section&#8220; _builder_version=&#8220;3.0.47&#8243;][et_pb_row _builder_version=&#8220;3.0.89&#8243;][et_pb_column type=&#8220;4_4&#8243; _builder_version=&#8220;3.0.89&#8243; parallax=&#8220;off&#8220; parallax_method=&#8220;on&#8220;][et_pb_text _builder_version=&#8220;3.0.89&#8243;]</p>
<h4>KOSMETISCHE BEHANDLUNGEN</h4>
<p><span style="font-size: xx-large;">Klassische Gesichtsbehandlung</span></p>
<p><span style="color: #666666; font-size: large;">Dies ist eine Basisbehandlung, die mit anderen Bausteinen kombiniert werden kann. Sie beinhaltet eine <strong>Gesichtsreinigung</strong> und <strong>Tiefenreinigung</strong>. Sowie ein <strong>Enzympeeling</strong> und ein Ihrem Hauttyp entsprechendes <strong>Wirkstoffkonzentrat</strong>, die <strong>Augenbrauenkorrektur</strong>, eine <strong>Massage</strong> von Gesicht, Hals und Dekolleté, eine hautzustandsgerechte <strong>Maske</strong> und passende Abschlusspflege.</span></p>
<p><span style="font-size: large; color: #666666;">Alle Behandlungen werden mit den <strong>Qualitätspräparaten von Belico</strong> durchgeführt. Diese orientieren sich an Naturprodukten und <strong>verzichten gänzlich</strong> auf umstrittene Chemie oder Stoffe wie Silikon und Erdöl. Die eigene BioTech-Formel sorgt für überzeugende Resultate bei der Pflege, bei Hautproblemen und für <strong>effektives Anti-Aging.</strong></span></p>
<p>[/et_pb_text][et_pb_image src=&#8220;https://www.praxis-kathleen-seibel.de/wp-content/uploads/2018/03/praxis-seibel-3k.jpg&#8220; _builder_version=&#8220;3.0.89&#8243; custom_margin=&#8220;50px|||&#8220;][/et_pb_image][/et_pb_column][/et_pb_row][/et_pb_section]</p>

<p>[et_pb_section fb_built=&#8220;1&#8243; admin_label=&#8220;section&#8220; _builder_version=&#8220;3.0.47&#8243;][et_pb_row _builder_version=&#8220;3.0.89&#8243;][et_pb_column type=&#8220;4_4&#8243; _builder_version=&#8220;3.0.89&#8243; parallax=&#8220;off&#8220; parallax_method=&#8220;on&#8220;][et_pb_text _builder_version=&#8220;3.0.89&#8243;] KOSMETISCHE BEHANDLUNGEN Klassische Gesichtsbehandlung Dies ist eine Basisbehandlung, die mit anderen Bausteinen kombiniert werden kann. Sie beinhaltet eine Gesichtsreinigung und Tiefenreinigung. Sowie ein Enzympeeling und ein Ihrem Hauttyp entsprechendes Wirkstoffkonzentrat, die Augenbrauenkorrektur, eine Massage von Gesicht, Hals und Dekolleté, eine hautzustandsgerechte Maske und passende Abschlusspflege. [&hellip;]</p>
